Let g(q) = -q**3 + 8*q**2 - 3*q - 6. Give g(7).
22
Let p(h) = h**3 + 5*h**2 + h - 7. Determine p(-4).
5
Let q(r) = r**2 - r - 1. What is q(2)?
1
Let m(n) = -n - 2. What is m(-3)?
1
Let m(y) = 2*y**2 + 5*y - 5. What is m(-3)?
-2
Let x(v) = -v**3 + 5*v**2 - 11*v - 8. Give x(5).
-63
Let p(x) = -2*x + 3. What is p(-9)?
21
Let o(l) = -l**3 + 3*l**2 + 20*l - 12. Calculate o(6).
0
Let p(i) = -i**2 + 16*i - 3. Give p(15).
12
Let i(u) = u**3 - 14*u**2 - 119*u + 4. Determine i(-6).
-2
Let n(i) = -9*i - 8. Determine n(5).
-53
Let m(c) = -c**2 - 10*c + 110. Determine m(-17).
-9
Let h(z) = 3*z + 9. What is h(-3)?
0
Let u(p) = -p**3 - 21*p**2 - 2*p - 32. Calculate u(-21).
10
Let t(b) = 29*b**2 - 53*b. Give t(2).
10
Let l(w) = -2*w - 22. Determine l(-10).
-2
Let c(j) = 4*j + 7. Give c(3).
19
Let c(m) = m**2 - 18*m + 7. Determine c(18).
7
Let n(l) = l**3 + 9*l**2 + 4*l - 2. Determine n(-9).
-38
Let f(o) = o**2 + 12*o - 22. Determine f(-18).
86
Let h(i) = 8*i**2 + 40*i + 5. Give h(-5).
5
Let b(f) = 8*f**2 + 2*f + 2. Determine b(-2).
30
Let w(v) = -80*v - 1120. Calculate w(-14).
0
Let z(v) = 15*v + 5. What is z(-2)?
-25
Let o(v) = v**3 - 27*v**2 + 36*v - 255. Determine o(26).
5
Let m(w) = w**2 + 2*w + 7. What is m(0)?
7
Let n(o) = -2*o**2 - 8*o - 8. Calculate n(-4).
-8
Let j(p) = -p**2 + 5*p - 1. Determine j(5).
-1
Let b(i) = 3*i - 6. What is b(8)?
18
Let y(k) = -k**2 + 6*k - 8. Calculate y(10).
-48
Let w(b) = -b**2 - b + 3. Calculate w(-5).
-17
Let q(p) = 3*p**2 - 1. Calculate q(-3).
26
Let n(p) = -4*p - 1. Calculate n(4).
-17
Let p(k) = 3*k + 4. What is p(-3)?
-5
Let w(i) = -2*i + 34. What is w(17)?
0
Let r(f) = f**3 + 5*f**2 - 2*f - 2. Calculate r(-5).
8
Let r(j) = 9*j + 1. Give r(1).
10
Let s(a) = a**2 - 3*a - 1. Give s(4).
3
Let r(n) = n**2 - 4*n + 1. What is r(3)?
-2
Let t(s) = s**3 + 38*s**2 + 7*s + 269. Give t(-38).
3
Let c(k) = k**2 - 6*k - 9. Calculate c(8).
7
Let q(t) = 3*t**3 - 31*t**2 + 11*t + 10. Give q(10).
20
Let d(m) = -4*m**3 - 2*m**2 - m + 1. What is d(2)?
-41
Let z(c) = 3*c - 19. Calculate z(3).
-10
Let i(y) = -y**3 + y. Determine i(-1).
0
Let m(z) = 8*z + 15. Calculate m(0).
15
Let k(w) = -w**2 + 17*w - 13. Determine k(0).
-13
Let d(l) = l**2 - 5*l + 4. Determine d(7).
18
Let r(i) = i**2 - 31*i - 6. What is r(31)?
-6
Let j(p) = p**2 - 17*p - 9. What is j(17)?
-9
Let z(f) = -8*f**2 + 346*f - 58. Give z(43).
28
Let m(k) = 6*k + 114. Calculate m(-19).
0
Let q(c) = 7*c - 7. Determine q(2).
7
Let l(y) = -57*y + 5. Calculate l(2).
-109
Let f(n) = n**2 + 2*n - 10. Calculate f(-6).
14
Let i(b) = b**3 - 6*b**2 - 11*b + 38. Calculate i(7).
10
Let n(r) = -r**2 + 2*r + 36. Calculate n(7).
1
Let p(v) = -27*v**2 + v. Calculate p(-1).
-28
Let l(u) = -3*u + 10. Determine l(3).
1
Let z(t) = -2*t + 39. Determine z(22).
-5
Let r(p) = -p**2 - 9*p - 2. Determine r(0).
-2
Let g(l) = -l**3 + 7*l**2 + 12*l - 109. Give g(6).
-1
Let z(o) = o**3 + 15*o**2 + 16*o + 15. Determine z(-14).
-13
Let i(r) = r**3 + 2*r**2 + 3*r + 8. Calculate i(-3).
-10
Let d(q) = 8*q - 42. What is d(-6)?
-90
Let r(u) = -3*u**2 - 4*u - 20. Give r(-3).
-35
Let d(p) = p**2 - 64*p + 702. Calculate d(14).
2
Let n(j) = -25*j**2 + 6*j - 5. Give n(1).
-24
Let d(i) = -i**2 + 7*i - 13. Determine d(7).
-13
Let y(t) = -t**3 - 23*t**2 + 23. Calculate y(-23).
23
Let s(i) = -i**3 + 8*i**2 + 12*i + 10. Give s(9).
37
Let g(b) = b**3 - 8*b**2 - 2*b - 9. Give g(9).
54
Let y(c) = -2*c - 19. What is y(-4)?
-11
Let p(m) = -m**3 - 3*m**2 - m + 5. Determine p(-4).
25
Let n(o) = -o**2 + 2*o. What is n(0)?
0
Let q(g) = -g**2 + 6*g + 21. Give q(11).
-34
Let j(g) = 3*g - 12. Calculate j(4).
0
Let s(y) = -y**2 + 14*y - 5. What is s(13)?
8
Let q(a) = 44*a + 33. Give q(-1).
-11
Let f(j) = j**3 - 13*j**2 + 8*j + 59. Give f(11).
-95
Let w(k) = k**3 + 5*k**2 - 7*k + 8. Calculate w(-7).
-41
Let b(i) = i. Determine b(-7).
-7
Let b(g) = -g**2 - 54. Calculate b(0).
-54
Let t(i) = 14*i - 1. Calculate t(0).
-1
Let r(h) = 10*h - 7. Give r(-1).
-17
Let p(x) = -2*x**3 - 7*x**2 + 3*x + 7. Determine p(-5).
67
Let i(k) = k + 15. Determine i(-10).
5
Let f(p) = 3*p - 72. What is f(27)?
9
Let l(v) = -3*v - 4. What is l(-3)?
5
Let k(i) = -i**2 - 23*i + 54. Calculate k(-25).
4
Let c(k) = k**2 + 19*k + 45. What is c(-17)?
11
Let x(v) = -v + 117. Give x(30).
87
Let o(r) = -r**2 - 5*r + 9. Determine o(-13).
-95
Let f(v) = -v**2 - 13*v + 4. Calculate f(0).
4
Let t(h) = -h**2 + h - 2. What is t(2)?
-4
Let l(i) = i**2 - 12*i + 30. Give l(10).
10
Let c(q) = -q**2 + 15*q - 22. Determine c(9).
32
Let z(x) = x**2 + 7*x - 35. Calculate z(-10).
-5
Let y(a) = a**3 - a - 58. Calculate y(0).
-58
Let a(f) = f**2 - 67*f + 140. What is a(65)?
10
Let w(d) = 4*d + 61. Calculate w(-17).
-7
Let i(y) = -8*y**2 + 76*y + 76. Calculate i(-1).
-8
Let b(m) = -m - 3. Give b(-4).
1
Let j(r) = 4*r - 28. Determine j(19).
48
Let g(w) = w**3 - 20*w**2 + 39*w - 59. Calculate g(18).
-5
Let h(u) = -24*u + 42. Calculate h(2).
-6
Let f(b) = 3*b**3 - 43*b**2 + 18*b - 60. Give f(14).
-4
Let p(t) = 2*t**2 - 3. Calculate p(2).
5
Let s(c) = -c**3 + 24*c**2 - 27. What is s(24)?
-27
Let z(p) = -p**3 + 6*p**2 + 7*p + 5. What is z(7)?
5
Let b(d) = d**3 - 12*d**2 - 15*d + 5. Determine b(13).
-21
Let x(v) = -v**3 - 18*v**2 - 13*v + 68. Determine x(-17).
0
Let w(o) = o**3 - 21*o**2 + o - 19. What is w(21)?
2
Let h(p) = 24*p + 597. What is h(-25)?
-3
Let q(v) = -v**3 + 22*v**2 + 22*v + 14. Determine q(23).
-9
Let n(x) = -5*x**2 + 2*x. Determine n(-1).
-7
Let p(w) = 10*w + 16. Determine p(-7).
-54
Let o(n) = -n**2 - n + 39. Calculate o(-7).
-3
Let m(a) = -2*a**2 + 58*a + 71. Determine m(30).
11
Let d(f) = -2*f**2 + 30*f - 35. Determine d(14).
-7
Let x(i) = i**2 - 10*i + 1. Determine x(8).
-15
Let q(r) = r**2 + 3*r - 181. What is q(-15)?
-1
Let i(b) = -b**3 + 10*b**2 + 1. What is i(10)?
1
Let d(q) = 2*q**2 + 2*q - 22. Give d(-5).
18
Let v(d) = 18*d - 149. Determine v(8).
-5
Let a(c) = c**2 + 2*c + 10. Give a(-4).
18
Let q(f) = f**3 + 5*f**2 + 3*f + 20. Give q(-5).
5
Let h(u) = 8*u - 19. Give h(3).
5
Let j(n) = -4*n + 5. Calculate j(2).
-3
Let q(g) = -3*g - 5. Give q(-2).
1
Let k(l) = -l**2 + 11*l - 15. Give k(7).
13
Let x(f) = f**3 + f**2 - f - 22. Determine x(0).
-22
Let g(m) = -17*m + 102. What is g(7)?
-17
Let b(g) = 4*g**2 - 72*g - 16. Give b(17).
-84
Let z(x) = 16*x + 53. Calculate z(-3).
5
Let i(q) = -q**3 + 5*q**2 + 6*q - 1. Determine i(5).
29
Let v(w) = -3*w + 24. Give v(11).
-9
Let t(w) = 5*w**2 + 3*w - 2. Determine t(2).
24
Let h(d) = -2*d**2 - 21*d + 10. What is h(-9)?
37
Let s(a) = -a**2 + 8*a - 3. Give s(7).
4
Let j(w) = w**2 + 7*w + 11. Determine j(-4).
-1
Let q(p) = -24*p**2 + 9*p + 8. What is q(-1)?
-25
Let h(v) = -v**2 - 11*v - 33. Give h(-11).
-33
Let n(d) = d**3 + 16*d**2 + 8. Determine n(-16).
8
Let x(p) = -5*p - 2. Calculate x(7).
-37
Let p(f) = -f**3 - 13*f**2 - 13*f - 15. Calculate p(-12).
-3
Let v(t) = t**3 + 2*t**2 + 7*t + 28. Determine v(-3).
-2
Let o(k) = 2*k**3 + 13*k**2 + 9*k - 8. What is o(-6)?
-26
Let y(n) = -n**3 + 18*n**2 + 24*n - 7. Determine y(19).
88
Let x(l) = 3*l + 7. Calculate x(-15).
-38
Let z(t) = -29*t**2 + 1. Give z(1).
-28
Let g(b) = -b**3 - 5*b**2 - 6*b + 1. Determine g(-4).
9
Let l(k) = -25*k - 2. Give l(1).
-27
Let p(s) = -s**3 - 7*s**2 + s - 1. Calculate p(-7).
-8
Let b(a) = 2*a + 4. What is b(-6)?
-8
Let b(w) = 71*w + 5. Give b(1).
76
Let f(z) = 24*z - 123. What is f(5)?
-3
Let d(u) = -u**2 + 3. Give d(-4).
-13
Let a(q) = -q**3 + 3*q**2 - 2*q + 1. Determine a(2).
1
Let v(d) = -7*d + 149. Calculate v(21).
2
Let v(t) = -99*t + 24. Give v(2).
-174
Let p(b) = -b**3 - 11*b**2 + 14*b + 18. Calculate p(-12).
-6
Let t(s) = -s**2 - 4*s. Give t(-4).
0
Let u(d) = -4*d + 9. Determine u(2).
1
Let l(r) = -r**3 + 4*r**2 + 16*r - 10. Calculate l(6).
14
Let a(v) = v**2 + 6*v + 9. What is a(-6)?
9
Let c(m) = -m + 4. Give c(10).
-6
Let s(p) = -p**2 - 9*p + 4. Give s(-9).
4
Let s(m) = -2*m**2 - 17*m + 4. Give s(-9).
-5
Let r(v) = -v**2 + v - 7. What is r(0)?
-7
Let g(p) = 81*p**3 - p**2 - 2*p - 1. What is g(-1)?
-81
Let t(j) = -10*j**3 + j**2 + 2*j. What is t(-1)?
9
Let k(t) = -6*t + 1. Determine k(-1).
7
Let c(n) = n**2 - 5*n - 5. What is c(-6)?
61
Let d(g) = 13*g**3 - 8*g**2 + 9*g. Calculate d(1).
14
Let z(y) = -2*y**2 + 14*y + 1. What is z(7)?
1
Let n(a) = 